 + 1*d/15 is divided by 11?
0
Let r = -33 + 33. Suppose 5*v - 5*x = 50, 2*v - 7*v + 4*x + 49 = r. Calculate the remainder when v is divided by 2.
1
Let v be (-2 - (-54)/45) + 104/5. Suppose 2*p = -2*w + 28, 2*p = -9*w + 11*w - v. What is the remainder when 37 is divided by w?
1
Let a(r) = -2*r**2 + r**2 - 14*r + 6*r - 3 - 3. Calculate the remainder when (-6 + 9)*51/9 is divided by a(-5).
8
What is the remainder when 51 is divided by (3 + -16)*(7/(-56) + 7/(-8))?
12
Suppose 26*m - 560 = 22*m. Let a = m + -113. What is the remainder when 103 is divided by a?
22
Let m(d) = 34*d**2 + 2*d + 2. Suppose -s = -2*n + 228, -4*n = 3*s - 2*s - 450. Calculate the remainder when n is divided by m(1).
37
Suppose -1942 - 2795 = -20*d - 897. What is the remainder when d is divided by 43?
20
Calculate the remainder when 1686 is divided by ((-6 + -6)/2)/(6/52*-2).
22
Let b = -39962 - -41060. Calculate the remainder when b is divided by 283.
249
Let m = -152 + 160. Suppose 0 = -3*j + 4*j - m. Calculate the remainder when 119 is divided by j.
7
Let k = 550 - 328. Let s = -26390 + 26446. What is the remainder when k is divided by s?
54
Suppose 25*f + 557 = 1207. Suppose -857 = -5*u - d - 0*d, 2*d = 4. Calculate the remainder when u is divided by f.
15
Suppose -2*i + 956 = -2*m, -8*i - 1436 = -11*i + 4*m. Calculate the remainder when i is divided by 151.
23
Suppose -261*z = -256*z - 325. Let g be 42*3/(3 + 0). Suppose -3*k + 60 = -g. What is the remainder when z is divided by k?
31
Suppose 524 - 525 = k. What is the remainder when 95 is divided by ((-1)/2)/(k/12)?
5
Let z(l) = l**3 - 22*l**2 - l - 502. Calculate the remainder when 126 is divided by z(23).
2
Let o = 862 + -533. Suppose 15*g + 44 = o. Calculate the remainder when 264 is divided by g.
17
Let f = -177 - -180. Suppose 0 = f*s - 83 - 256. What is the remainder when s is divided by 19?
18
Suppose -7*x + 9*x - 4*w - 52 = 0, 26 = x + 3*w. Suppose 5*l = 3*u - 8*u + 190, l - x = -5*u. Calculate the remainder when l is divided by 15.
11
Let a(v) = v**3 - v**2 + 472*v + 149. Calculate the remainder when 428 is divided by a(0).
130
Let u = 15131 - 10030. What is the remainder when u is divided by 176?
173
Let i = 3299 + -3198. What is the remainder when i is divided by 44?
13
Let g(q) = -2*q - 30. Let h = -619 + 633. What is the remainder when g(-28) is divided by h?
12
Suppose -45*i - 74*i + 3810 + 10708 = 0. Calculate the remainder when 250 is divided by i.
6
Suppose 5*l = v - 60, -13*l + 20 = -8*l. Calculate the remainder when 244 is divided by v.
4
Let p = -3801 + 4481. Calculate the remainder when p is divided by 170.
0
Suppose 27 = m + 4*x, m - 5*m + 5*x = -45. Suppose 270*q + 117 = 275*q + 3*p, 5*p + 125 = 5*q. What is the remainder when q is divided by m?
9
Suppose p - 2939 = 2164. Suppose -p = -6*d - 21*d. Calculate the remainder when d is divided by 64.
61
Let p(a) = -a**2 + 20*a + 25. Let n be 6/(-10) + (-1385)/25. Calculate the remainder when p(17) is divided by 1/(-1 - n/52).
11
Let a = -2483 - -3775. Let d = a + -575. Calculate the remainder when d is divided by 24.
21
Let q(g) = -3*g**3 - 13*g**2 - 32*g - 33. What is the remainder when q(-4) is divided by 4?
3
Let q(k) = -k - 132. Let x be q(14). Let p = x - -152. What is the remainder when 9 is divided by p?
3
Let t = 103 - 89. Suppose 3*b - b = 26. Calculate the remainder when 4/14 - 1/t*-710 is divided by b.
12
Let x(p) = -p + 17. Let t be x(0). Let z(w) = -4 - 4*w - t - 8. Calculate the remainder when z(-20) is divided by 13.
12
Let q = 737 - 692. Suppose -5*o + 175 = 70. Suppose -o*s = -22*s + 12. Calculate the remainder when q is divided by s.
9
Calculate the remainder when 292 is divided by 6 + 103 - (7 + -4 - 6).
68
Suppose 611*c + 5280 = 626*c. Calculate the remainder when c is divided by 54.
28
Let u = -195 - -190. Let g(i) = 3*i**2 + 9*i + 8. What is the remainder when 147 is divided by g(u)?
33
Suppose -797 = -22*v + 2195. What is the remainder when 148 is divided by v?
12
Suppose -24*x + 13*x = 55. Let i = 65 + x. Let a = i - 37. What is the remainder when 65 is divided by a?
19
Suppose 1444*w + 20 = 1454*w. Suppose 3*r + g - 18 = -2*g, 0 = 2*r - g - 27. What is the remainder when r is divided by w?
1
Suppose 0 = 4*t + 14*t - 1152. Calculate the remainder when 80 is divided by t.
16
Suppose -145*j = 5890 - 78680. Calculate the remainder when j is divided by 243.
16
Suppose 90*m - 6728 = -116*m - 26*m. Calculate the remainder when 1641 is divided by m.
17
Suppose -39 = -5*y - 24. Suppose y*m - 6*m - 18 = 0. Let u(q) = q**3 + 7*q**2 + 8*q + 15. What is the remainder when 31 is divided by u(m)?
1
Suppose -5*h + 115 + 150 = 0. Suppose 9*g - 1035 + 324 = 0. Suppose 4*p = 29 + g. Calculate the remainder when h is divided by p.
26
Suppose 520 = 3*t + t. Suppose 0 = 400*l - 386*l - 504. What is the remainder when t is divided by l?
22
Suppose -57*y = -59*y + 28. Let u = -26 + y. What is the remainder when (57/(-3))/(6/u) is divided by 20?
18
Let g(h) = -h**2 + 161. Let j be g(0). Let i = j - 72. Suppose 0 = 3*x + 4*p - 54, -5*x = -p - 51 - 39. Calculate the remainder when i is divided by x.
17
Suppose j - 13*j + 1632 = 0. What is the remainder when 423 is divided by j?
15
Let o = -7 + 10. Let j(d) = 8*d - 4 + 20*d - 23*d. Calculate the remainder when j(o) is divided by 6.
5
Suppose -5*x + 3*o = -60, 3*x + o = 5*o + 25. Let h = -28 + x. Let n = h + 28. Calculate the remainder when n is divided by 10.
5
Suppose 2*c + 4*b - 2414 = 0, -1211 = 40*c - 41*c - b. What is the remainder when c is divided by 6?
3
Suppose 4*p + 5*x - 2*x - 31 = 0, -2*p - 3*x = -11. What is the remainder when (818*(-6)/12)/((-5)/10) is divided by p?
8
Suppose 208 = 4*w + 12*w. Calculate the remainder when 4224 is divided by w.
12
Suppose 4*r - 183 = -3. What is the remainder when r is divided by -2*(-51)/(-18)*-3?
11
Let m be ((-3996)/(-14))/(33/154). Suppose -10*z + m = -4*z. Calculate the remainder when z is divided by 8.
6
Suppose 3876 = 133*w - 3108 - 7779. Suppose -u - 3*l + 20 = 4, 0 = 5*u + 2*l - 67. What is the remainder when w is divided by u?
7
Suppose 2010*h - 8475 = 1935*h. Calculate the remainder when 751 is divided by h.
73
Calculate the remainder when 3588 is divided by (-1917)/(-8) + (-801)/(-2136).
228
Suppose -2*q = -10, -2*q + 9 - 84 = -5*w. Suppose 28*g + 22*g = 1535 + 1615. Calculate the remainder when g is divided by w.
12
Suppose 117*m - 118*m + 25 = w, 3*m = -7*w + 63. Let c(t) = -t**3 - 3*t**2 - 2*t + 2. Calculate the remainder when m is divided by c(-3).
4
Let j(b) = 3*b**3 - 26*b**2 - 11*b + 34. What is the remainder when 2383 is divided by j(9)?
15
Let b(j) = -30*j**2 - 5*j + 395. What is the remainder when b(0) is divided by 207?
188
Suppose -f = -2*q + 75, 188 = 2*q + 3*q - 2*f. Let o = 26455 + -26394. What is the remainder when o is divided by q?
23
Let z(h) = -1296*h + 293. What is the remainder when z(-1) is divided by 37?
35
Suppose 5*q = 3*u + 532, q - 5*q = -4*u - 432. Let s be (-51 - 1) + (-7 - -20 - 13). Let z = s + q. Calculate the remainder when z is divided by 14.
10
Suppose -11*v + z = -6*v - 1124, 5*z - 680 = -3*v. What is the remainder when v is divided by 45?
0
Let o = -138 + 81. Let x(r) = -r**3 - 8*r**2 - 6*r - 13. Let p be x(-6). Let f = p - o. What is the remainder when f is divided by 6?
2
Let h(d) = -d - 4. Let p be h(-9). Suppose 28 = p*a - 2. What is the remainder when 46/(4/(-5 + 7)) is divided by a?
5
Suppose -3*x + 0*x + 40717 = 40690. Suppose 0 = -4*d - 2*l + 12, 19 = -2*d + 5*l + 1. What is the remainder when ((-1)/1*-35)/d is divided by x?
8
Suppose -773*w = -791*w + 21042. Calculate the remainder when w is divided by 32.
17
Let z(w) = 10*w**2 + 13*w + 7. Let r be z(-4). Suppose -5*b + r = 5*s, -4*b = -s + 16 + 22. Calculate the remainder when 233 is divided by s.
25
Let z = -122 - -130. Suppose -y - t + 8 = 3*t, -3*t - z = -y. What is the remainder when 101 is divided by (-2)/((-40)/(-15)) - (-126)/y?
11
What is the remainder when 3/(-5) + 4598/5 + 4 is divided by 6?
5
Let c(h) = -19*h**3 - h - 3. What is the remainder when c(-2) is divided by 79?
72
Suppose 5*y - 7812 = 4*y - 62*y. Calculate the remainder when 1122 is divided by y.
6
Let k(z) = -2*z**3 - 11*z**2 + 2 + 23*z**2 - 8*z**2 - 8*z**2 - 7*z. What is